 23, 151
List the prime factors of 374.
2, 11, 17
What are the prime factors of 652?
2, 163
List the prime factors of 994.
2, 7, 71
List the prime factors of 15724.
2, 3931
List the prime factors of 1598.
2, 17, 47
What are the prime factors of 147036?
2, 3, 12253
List the prime factors of 28257.
3, 9419
What are the prime factors of 5327?
7, 761
List the prime factors of 18283.
47, 389
What are the prime factors of 851?
23, 37
What are the prime factors of 3027?
3, 1009
What are the prime factors of 1714?
2, 857
List the prime factors of 2434.
2, 1217
What are the prime factors of 836?
2, 11, 19
What are the prime factors of 195548?
2, 19, 31, 83
List the prime factors of 904.
2, 113
What are the prime factors of 119?
7, 17
List the prime factors of 23423.
59, 397
List the prime factors of 5128.
2, 641
What are the prime factors of 6507?
3, 241
List the prime factors of 1155.
3, 5, 7, 11
What are the prime factors of 32230?
2, 5, 11, 293
List the prime factors of 7206.
2, 3, 1201
List the prime factors of 73467.
3, 907
List the prime factors of 4750.
2, 5, 19
What are the prime factors of 4614?
2, 3, 769
List the prime factors of 1376.
2, 43
List the prime factors of 16788.
2, 3, 1399
List the prime factors of 340.
2, 5, 17
What are the prime factors of 13410?
2, 3, 5, 149
What are the prime factors of 56?
2, 7
List the prime factors of 15077.
15077
What are the prime factors of 714?
2, 3, 7, 17
List the prime factors of 13268.
2, 31, 107
What are the prime factors of 11359?
37, 307
List the prime factors of 1112.
2, 139
What are the prime factors of 1345?
5, 269
List the prime factors of 27558.
2, 3, 1531
What are the prime factors of 1240?
2, 5, 31
List the prime factors of 2327.
13, 179
List the prime factors of 2299.
11, 19
List the prime factors of 13500.
2, 3, 5
List the prime factors of 17156.
2, 4289
What are the prime factors of 8972?
2, 2243
What are the prime factors of 34392?
2, 3, 1433
What are the prime factors of 107443?
7, 15349
What are the prime factors of 858?
2, 3, 11, 13
What are the prime factors of 48020?
2, 5, 7
List the prime factors of 1098.
2, 3, 61
List the prime factors of 135012.
2, 3, 11251
List the prime factors of 230.
2, 5, 23
What are the prime factors of 131243?
7, 18749
List the prime factors of 1028.
2, 257
What are the prime factors of 858?
2, 3, 11, 13
List the prime factors of 3658.
2, 31, 59
List the prime factors of 87479.
7, 12497
What are the prime factors of 588?
2, 3, 7
What are the prime factors of 909?
3, 101
List the prime factors of 192.
2, 3
What are the prime factors of 966?
2, 3, 7, 23
What are the prime factors of 2957?
2957
List the prime factors of 2380.
2, 5, 7, 17
List the prime factors of 23656.
2, 2957
List the prime factors of 981.
3, 109
List the prime factors of 34845.
3, 5, 23, 101
What are the prime factors of 704?
2, 11
What are the prime factors of 15460?
2, 5, 773
What are the prime factors of 3072?
2, 3
What are the prime factors of 1599?
3, 13, 41
What are the prime factors of 1988?
2, 7, 71
What are the prime factors of 1879?
1879
What are the prime factors of 9631?
9631
What are the prime factors of 848?
2, 53
List the prime factors of 143337.
3, 47779
What are the prime factors of 3266?
2, 23, 71
What are the prime factors of 8107?
11, 67
List the prime factors of 32578.
2, 7, 13, 179
What are the prime factors of 1744?
2, 109
List the prime factors of 1279.
1279
What are the prime factors of 27814?
2, 13907
List the prime factors of 8121.
3, 2707
List the prime factors of 103195.
5, 20639
What are the prime factors of 47567?
13, 3659
What are the prime factors of 1914?
2, 3, 11, 29
List the prime factors of 966.
2, 3, 7, 23
List the prime factors of 778.
2, 389
What are the prime factors of 9026?
2, 4513
List the prime factors of 1463.
7, 11, 19
List the prime factors of 2755.
5, 19, 29
What are the prime factors of 29289?
3, 13, 751
What are the prime factors of 6103?
17, 359
What are the prime factors of 666?
2, 3, 37
What are the prime factors of 14511?
3, 7, 691
List the prime factors of 633.
3, 211
List the prime factors of 24882.
2, 3, 11, 13, 29
What are the prime factors of 1067?
11, 97
What are the prime factors of 1887?
3, 17, 37
What are the prime factors of 7431?
3, 2477
What are the prime factors of 4153?
4153
List the prime factors of 40809.
3, 61, 223
What are the prime factors of 11106?
2, 3, 617
What are the prime factors of 11830?
2, 5, 7, 13
List the prime factors of 770.
2, 5, 7, 11
List the prime factors of 78491.
7, 11213
List the prime factors of 2674.
2, 7, 191
List the prime factors of 826.
2, 7, 59
What are the prime factors of 3791?
17, 223
What are the prime factors of 12262?
2, 6131
List the prime factors of 7510.
2, 5, 751
List the prime factors of 170.
2, 5, 17
List the prime factors of 154.
2, 7, 11
List the prime factors of 3642.
2, 3, 607
List the prime factors of 41212.
2, 10303
What are the prime factors of 61612?
2, 73, 211
List the prime factors of 570.
2, 3, 5, 19
What are the prime factors of 48242?
2, 24121
List the prime factors of 162.
2, 3
What are the prime factors of 10168?
2, 31, 41
List the prime factors of 1130.
2, 5, 113
List the prime factors of 7680.
2, 3, 5
List the prime factors of 8811.
3, 11, 89
List the prime factors of 13908.
2, 3, 19, 61
What are the prime factors of 15796?
2, 11, 359
List the prime factors of 25389.
3, 7, 13, 31
What are the prime factors of 15156?
2, 3, 421
What are the prime factors of 11169?
3, 17, 73
What are the prime factors of 4018?
2, 7, 41
What are the prime factors of 25638?
2, 3, 4273
List the prime factors of 33217.
59, 563
What are the prime factors of 26520?
2, 3, 5, 13, 17
What are the prime factors of 1800?
2, 3, 5
List the prime factors of 438.
2, 3, 73
What are the prime factors of 867?
3, 17
What are the prime factors of 14962?
2, 7481
List the prime factors of 73708.
2, 18427
What are the prime factors of 10988?
2, 41, 67
List the prime factors of 1915.
5, 383
What are the prime factors of 300?
2, 3, 5
What are the prime factors of 2500?
2, 5
List the prime factors of 51918.
2, 3, 17, 509
List the prime factors of 95521.
59, 1619
What are the prime factors of 443?
443
List the prime factors of 274.
2, 137
What are the prime factors of 1886?
2, 23, 41
What are the prime factors of 23587?
103, 229
List the prime factors of 1886.
2, 23, 41
List the prime factors of 8537.
8537
List the prime factors of 5421.
3, 13, 139
What are the prime factors of 524?
2, 131
What are the prime factors of 39353?
23, 29, 59
List the prime factors of 3187.
3187
What are the prime factors of 15718?
2, 29, 271
What are the prime factors of 565?
5, 113
List the prime factors of 6003.
3, 23, 29
What are the prime factors of 83?
83
What are the prime factors of 3226?
2, 1613
What are the prime factors of 5873?
7, 839
List the prime factors of 2250.
2, 3, 5
List the prime factors of 15519.
3, 7, 739
What are the prime factors of 9663?
3, 3221
What are the prime factors of 15566?
2, 43, 181
What are the prime factors of 66887?
211, 317
List the prime factors of 24275.
5, 971
List the prime factors of 6791.
6791
What are the prime factors of 3168?
2, 3, 11
List the prime factors of 1983.
3, 661
What are the prime factors of 72738?
2, 3, 449
List the prime factors of 3837.
3, 1279
List the prime factors of 2859.
3, 953
What are the prime factors of 3882?
2, 3, 647
List the prime factors of 71580.
2, 3, 5, 1193
List the prime factors of 3421.
11, 311
List the prime factors of 3045.
3, 5, 7, 29
List the prime factors of 1718.
2, 859
List the prime factors of 5849.
5849
List the prime factors of 1286.
2, 643
What are the prime factors of 499?
499
What are the prime factors of 24?
2, 3
List the prime factors of 4843.
29, 167
List the prime factors of 753.
3, 251
List the prime factors of 11243.
11243
List the prime factors of 93479.
93479
List the prime factors of 977.
977
List the prime factors of 176519.
7, 151, 167
List the prime factors of 36201.
3, 11, 1097
List the prime factors of 16536.
2, 3, 13, 53
List the prime factors of 150668.
2, 7, 5381
List the prime factors of 2126.
2, 1063
List the prime factors of 62410.
2, 5, 79
What are the prime factors of 4588?
2, 31, 37
List the prime factors of 